{"id":27,"date":"2015-08-07T23:44:45","date_gmt":"2015-08-07T23:44:45","guid":{"rendered":"http:\/\/www.inesveraabogada.com\/?page_id=27"},"modified":"2021-05-12T16:37:32","modified_gmt":"2021-05-12T16:37:32","slug":"divorcio","status":"publish","type":"page","link":"https:\/\/www.inesveraabogada.com\/","title":{"rendered":"BIENVENID@s"},"content":{"rendered":"<p>Somos un despacho de abogados que ofrece un <strong>servicio jur\u00eddico de calidad<\/strong> basando nuestro trabajo en una <strong>atenci\u00f3n personalizada<\/strong> y particular a cada cliente con el mejor apoyo y defensa jur\u00eddica.\u00a0Te asesoramos jur\u00eddicamente para que puedas tomar la decisi\u00f3n que mejor se adapte a tus intereses.<\/p>\n<p><strong>\u00bfSE EST\u00c1 PLANTEANDO\u00a0 SU DIVORCIO Y BUSCA ASESORAMIENTO?<\/strong><\/p>\n<p><strong><em>In\u00e9s Vera abogados<\/em><\/strong> es un despacho especializado en <span style=\"color: #3366ff;\">DERECHO DE FAMILIA. <span style=\"color: #333333;\">Gestionamos d<\/span><\/span>ivorcios, tanto de mutuo acuerdo como contencioso, modificaci\u00f3n de medidas judiciales, custodia compartida, redacci\u00f3n y negociaci\u00f3n de Convenios Reguladores, r\u00e9gimen de visitas, todas las medidas en relaci\u00f3n con los hijos y la disoluci\u00f3n del patrimonio com\u00fan.<\/p>\n<p>Ante un divorcio o separaci\u00f3n matrimonial, es indispensable analizar y regular las condiciones en un Convenio Regulador\u00a0 preciso, donde se recojan todos los derechos y obligaciones de cada uno de los c\u00f3nyuges, protegiendo a los menores y sus derechos, por encima de todo.<\/p>\n<p>La complejidad de la situaci\u00f3n requiere una especial atenci\u00f3n y un asesoramiento personalizado a cada caso concreto desde el primer momento de la ruptura matrimonial, no hay dos familias iguales.<\/p>\n<p>Nuestro despacho se caracteriza por ofrecer un trato personal, cercano y profesional.\u00a0Le ayudaremos a encontrar la mejor soluci\u00f3n para su divorcio, no solo desde el punto de vista jur\u00eddico, sino tambi\u00e9n desde el punto de vista personal.<\/p>\n<p>Somos Miembro de la Asociaci\u00f3n Espa\u00f1ola de Abogados de Familia.<\/p>\n<p style=\"text-align: justify;\"><img decoding=\"async\" loading=\"lazy\" class=\"\" src=\"https:\/\/media-exp1.licdn.com\/dms\/image\/C560BAQHUMXcu5wg_mA\/company-logo_200_200\/0\/1568715527244?e=2159024400&amp;v=beta&amp;t=BQ37B7rcV5xWQnOgFN414tpuWMngLRN50BCNqeQ-Y_0\" alt=\"AEAFA (Asociaci\u00f3n Espa\u00f1ola de Abogados de Familia) | LinkedIn\" width=\"181\" height=\"181\" \/><\/p>\n<p><a href=\"http:\/\/aeafa.es\">http:\/\/aeafa.es.\u00a0<\/a><\/p>\n<p><a href=\"http:\/\/www.inesveraabogada.com\/wp-content\/uploads\/2020\/11\/broken-1739135_1280.jpg\"><img decoding=\"async\" loading=\"lazy\" class=\"size-medium wp-image-473 alignleft\" src=\"http:\/\/www.inesveraabogada.com\/wp-content\/uploads\/2020\/11\/broken-1739135_1280-300x300.jpg\" alt=\"\" width=\"300\" height=\"300\" srcset=\"https:\/\/www.inesveraabogada.com\/wp-content\/uploads\/2020\/11\/broken-1739135_1280-300x300.jpg 300w, https:\/\/www.inesveraabogada.com\/wp-content\/uploads\/2020\/11\/broken-1739135_1280-1024x1024.jpg 1024w, https:\/\/www.inesveraabogada.com\/wp-content\/uploads\/2020\/11\/broken-1739135_1280-150x150.jpg 150w, https:\/\/www.inesveraabogada.com\/wp-content\/uploads\/2020\/11\/broken-1739135_1280-768x768.jpg 768w, https:\/\/www.inesveraabogada.com\/wp-content\/uploads\/2020\/11\/broken-1739135_1280.jpg 1280w\" sizes=\"(max-width: 300px) 100vw, 300px\" \/><\/a><\/p>\n<p><span style=\"color: #0000ff;\"><strong>DIVORCIO INTERNACIONAL.<\/strong><\/span>\u00a0En caso de separaci\u00f3n o divorcio de <strong>dos personas con distintas nacionalidades,<\/strong> <strong>o bien de la misma nacionalidad pero que viven en un pa\u00eds extranjero<\/strong>, es muy importante contar con un abogado especializado en derecho de familia y en derecho internacional privado, para que la situaci\u00f3n se trate de una forma eficaz y se llegue a una soluci\u00f3n que perdure en el tiempo.<\/p>\n<p>Cuando hablamos de divorcio internacional tramitado en Espa\u00f1a son muchos los supuestos que pueden darse seg\u00fan sean las partes espa\u00f1oles o extranjeros, lugar de residencia o lugar de celebraci\u00f3n del\u00a0 matrimonio, como por ejemplo:<\/p>\n<ul>\n<li style=\"list-style-type: none;\">\n<ul>\n<li style=\"list-style-type: none;\">\n<ul style=\"list-style-type: circle;\">\n<li>Uno de los c\u00f3nyuges es extranjero.\u00a0<\/li>\n<li>Ambos c\u00f3nyuges son espa\u00f1oles y el matrimonio se ha contra\u00eddo fuera de Espa\u00f1a.<\/li>\n<li>Ambos son extranjeros y el matrimonio se ha contra\u00eddo en Espa\u00f1a.<\/li>\n<li>Ambos son extranjeros, el matrimonio se ha contra\u00eddo en el extranjero y residen en Espa\u00f1a.<\/li>\n<\/ul>\n<\/li>\n<\/ul>\n<\/li>\n<\/ul>\n<p>En el \u00e1mbito de la Uni\u00f3n Europea, las normas de competencia en materia matrimonial y responsabilidad parental son aprobadas en el <span style=\"color: #3366ff;\">Reglamento Bruselas II Bis<\/span>, conforme al cual el divorcio podr\u00e1 presentarse en Espa\u00f1a cuando:<\/p>\n<ul style=\"list-style-type: circle;\">\n<li>\u00a0Ambos conyugues tienen nacionalidad espa\u00f1ola.<\/li>\n<li>\u00a0La residencia habitual del demandado est\u00e1 en Espa\u00f1a.<\/li>\n<li>La residencia habitual com\u00fan de los c\u00f3nyuges este en Espa\u00f1a<\/li>\n<li>\u00a0La \u00faltima residencia habitual com\u00fan estaba en Espa\u00f1a y uno de ellos a\u00fan reside aqu\u00ed.<\/li>\n<li>\u00a0La residencia habitual del demandante est\u00e1 en Espa\u00f1a, siempre que resida aqu\u00ed al menos un a\u00f1o antes de la interposici\u00f3n de la demanda si no es nacional o 6 meses si es nacional.<\/li>\n<\/ul>\n<p><strong>Resolvemos sus dudas, no dude en consultarnos.<\/strong><\/p>\n<h4>\u00a0<\/h4>\n<hr \/>\n<h4>\u00a0<\/h4>\n<p><strong><a href=\"http:\/\/www.inesveraabogada.com\/wp-content\/uploads\/2020\/11\/money-2724245_640.jpg\"><img decoding=\"async\" loading=\"lazy\" class=\"size-medium wp-image-504 alignleft\" src=\"http:\/\/www.inesveraabogada.com\/wp-content\/uploads\/2020\/11\/money-2724245_640-300x172.jpg\" alt=\"\" width=\"300\" height=\"172\" srcset=\"https:\/\/www.inesveraabogada.com\/wp-content\/uploads\/2020\/11\/money-2724245_640-300x172.jpg 300w, https:\/\/www.inesveraabogada.com\/wp-content\/uploads\/2020\/11\/money-2724245_640.jpg 640w\" sizes=\"(max-width: 300px) 100vw, 300px\" \/><\/a><\/strong><\/p>\n<p><strong>RECLAMACI\u00d3N CL\u00c1USULA SUELO<\/strong>. Eliminar la cl\u00e1usula suelo de tu hipoteca es posible. Realizamos sin compromiso un estudio de viabilidad y calculamos las cantidades que te deben devolver.<\/p>\n<p>\u00a0<\/p>\n<hr \/>\n<h4>\u00a0<\/h4>\n<h4><span style=\"text-decoration: underline;\"><span style=\"color: #0000ff;\"><em><strong>M\u00c9TODO DE TRABAJO<\/strong><\/em><\/span><\/span><\/h4>\n<p>\u00a0<\/p>\n<ul>\n<li>\n<p><em><strong>Atenci\u00f3n personalizada.<\/strong><\/em><\/p>\n<\/li>\n<li>\n<p><strong><em>Tras un estudio del caso damos presupuesto<\/em><\/strong><\/p>\n<\/li>\n<\/ul>\n<p><em>\u00a0 \u00a0 <strong>\u00a0Inf\u00f3rmate sin compromiso,<\/strong>\u00a0<strong>1\u00aa<\/strong>\u00a0<strong><u>CONSULTA GRATUITA<\/u><\/strong><u>.<\/u><\/em><\/p>\n<p style=\"text-align: center;\"><a href=\"mailto:info@inesveraabogada.com\">info@inesveraabogada.com<\/a><\/p>\n<hr \/>\n\n\n<p><\/p>\n","protected":false},"excerpt":{"rendered":"<p>Somos un despacho de abogados que ofrece un servicio jur\u00eddico de calidad basando nuestro trabajo en una atenci\u00f3n personalizada y particular a cada cliente con el mejor apoyo y defensa jur\u00eddica.\u00a0Te asesoramos jur\u00eddicamente para que puedas tomar la decisi\u00f3n que mejor se adapte a tus intereses. \u00bfSE EST\u00c1 PLANTEANDO\u00a0 SU DIVORCIO Y BUSCA ASESORAMIENTO? In\u00e9s&#8230;<\/p>\n","protected":false},"author":1,"featured_media":74,"parent":0,"menu_order":0,"comment_status":"closed","ping_status":"closed","template":"","meta":[],"aioseo_notices":[],"_links":{"self":[{"href":"https:\/\/www.inesveraabogada.com\/index.php?rest_route=\/wp\/v2\/pages\/27"}],"collection":[{"href":"https:\/\/www.inesveraabogada.com\/index.php?rest_route=\/wp\/v2\/pages"}],"about":[{"href":"https:\/\/www.inesveraabogada.com\/index.php?rest_route=\/wp\/v2\/types\/page"}],"author":[{"embeddable":true,"href":"https:\/\/www.inesveraabogada.com\/index.php?rest_route=\/wp\/v2\/users\/1"}],"replies":[{"embeddable":true,"href":"https:\/\/www.inesveraabogada.com\/index.php?rest_route=%2Fwp%2Fv2%2Fcomments&post=27"}],"version-history":[{"count":79,"href":"https:\/\/www.inesveraabogada.com\/index.php?rest_route=\/wp\/v2\/pages\/27\/revisions"}],"predecessor-version":[{"id":595,"href":"https:\/\/www.inesveraabogada.com\/index.php?rest_route=\/wp\/v2\/pages\/27\/revisions\/595"}],"wp:featuredmedia":[{"embeddable":true,"href":"https:\/\/www.inesveraabogada.com\/index.php?rest_route=\/wp\/v2\/media\/74"}],"wp:attachment":[{"href":"https:\/\/www.inesveraabogada.com\/index.php?rest_route=%2Fwp%2Fv2%2Fmedia&parent=27"}],"curies":[{"name":"wp","href":"https:\/\/api.w.org\/{rel}","templated":true}]}}